is the highest common factor of g and s?
19
Let o(c) = 6*c**2 + 2*c - 7. Let v be o(-4). Calculate the greatest common divisor of 9 and v.
9
Suppose -h + 4*h - 93 = 0. Let t = -16 + h. Let s be (-49)/(-5) + 3/15. Calculate the greatest common divisor of s and t.
5
Let k be (-643)/(-5) + 6/15. Suppose 3*m - k = -3*v, -2*v + 5*m - 7 = -107. Calculate the highest common factor of 18 and v.
9
Let y = -146 + 168. Calculate the greatest common factor of 198 and y.
22
Let q = -523 - -911. Suppose -2*b + q = 80. Calculate the greatest common divisor of b and 14.
14
Let m(y) = 6*y - 15*y - 6*y - y. Let p be m(-3). Let r be (-2 + (-12)/10)*-5. Calculate the highest common divisor of r and p.
16
Suppose -q + 1 - 11 = 4*l, 4*l = 2*q - 40. Let r be q - (-9 + 3)/2. Let u be ((-14)/(-3))/(2/39). Calculate the highest common divisor of r and u.
13
Suppose -2*t + 9 = -3. Let m(r) = -17*r**3 + r**2. Let i be m(1). Let n = i - -70. Calculate the highest common factor of t and n.
6
Let w = -9 - -15. Let x be (-18)/(-5) - 26/(-65). What is the greatest common factor of w and x?
2
Let a be (-2 - -4)/1 - 0. Let b = 29 - a. Calculate the highest common factor of b and 108.
27
Let o = 6 + -4. Let g = o + -6. Let y be (-14)/(-6) - g/(-12). What is the greatest common factor of 10 and y?
2
Suppose 53 = 6*h - 19. What is the highest common factor of h and 8?
4
Let z be 46/(-14) - 4/(-14). Let u be 6/9 + (-133)/z. What is the greatest common factor of 5 and u?
5
Let b = 2 + 11. Calculate the greatest common divisor of 169 and b.
13
Let w(s) = -4 + 0 + s**2 - 5*s**2 + 3. Let c be w(-2). Let n = c + 29. What is the greatest common factor of 18 and n?
6
Suppose j - 3*p = 162, p - 345 - 171 = -3*j. Suppose d = -3*y + 16 + j, -d + 313 = 5*y. Let q = 13 + -4. What is the greatest common divisor of y and q?
9
Let m be 97/3 + (-1)/3. Calculate the highest common divisor of 80 and m.
16
Let l = 133 - 29. Suppose -k = -3 - 10. What is the highest common divisor of k and l?
13
Let q = -26 + 31. What is the greatest common factor of 5 and q?
5
Suppose z = -3*i + 4 - 0, -4*i - 13 = 5*z. What is the highest common divisor of 3 and i?
3
Let v be (-12)/8*20/(-3). What is the greatest common divisor of v and 70?
10
Let i(c) = -10*c + 2. Suppose -2*k + s = 4*s + 11, 5*s - 12 = k. Let g be i(k). Calculate the highest common divisor of 9 and g.
9
Suppose 8*k - 6*k - 40 = 0. Suppose 2*n + k = 3*n. What is the greatest common divisor of 140 and n?
20
Suppose 3*q = -q + 20. Suppose q*l - 8 = 17. Suppose -17 + 77 = 3*m. What is the highest common factor of m and l?
5
Let i be (-3 - -2 - -3) + 15. Let l = i - 3. What is the greatest common factor of l and 28?
14
Let v(u) = -u**2 + 2*u + 18. Let q be v(0). Suppose 3*l - 15 = -f, 0 = f + l - 5*l - 22. What is the highest common factor of f and q?
18
Suppose -4*v + 260 = -3*s, -5*s - 714 = v - 273. Let j = -42 - s. Calculate the highest common factor of 69 and j.
23
Let c = -26 + 58. Suppose 2*o + 8 = c. Calculate the highest common factor of 36 and o.
12
Let h(i) = -i**3 + i**2 - i. Let x(z) = -7*z**3 - z**2 - 10*z. Let f(o) = 6*h(o) - x(o). Let j be f(-5). What is the highest common divisor of j and 12?
6
Let g be ((-111)/6 - -6)/((-2)/8). What is the greatest common factor of 20 and g?
10
Suppose 0 = q + 3*q. Suppose q*u - 4 = -2*u. Calculate the highest common factor of u and 10.
2
Let h = 223 + -173. Let o(v) = v**3 - 6*v**2 + 3*v + 2. Let t be o(6). What is the highest common factor of h and t?
10
Let q(n) = n**3 + n + 5. Let l be q(0). Suppose -l*z + 3*z = 0. Suppose y + 3 - 17 = z. Calculate the highest common factor of y and 126.
14
Suppose 0 = -2*a + a - 3. Let b = a - -4. Let v(n) = 15*n - 1. Let g be v(b). Calculate the highest common factor of 14 and g.
14
Let l be 0/(-1) + 9/3. Let q be (1 - -1)/(l + -1). What is the highest common factor of q and 1?
1
Let p = -1 + 4. Suppose 25 = 4*q - p*q. Calculate the highest common factor of q and 10.
5
Let h be (-4 - (-4)/2)*6. Let g = h + 28. Let p = 60 + 52. What is the highest common factor of g and p?
16
Suppose -2*h + 4 = -h. Suppose 4*u - 58 = -5*a, -63 = -h*a + 2*u - 1. Calculate the greatest common divisor of 42 and a.
14
Suppose 4*c + 0 = 3*d + 9, -d - 25 = -5*c. Let p be 150/9 - (-2)/c. Calculate the greatest common factor of p and 85.
17
Let d = -35 + 43. What is the greatest common divisor of 88 and d?
8
Suppose 0 = -n - 2*n. Suppose -z + 21 = -n*y + y, -2*y - 4*z = -36. Calculate the greatest common divisor of 6 and y.
6
Let t be 4*((-4)/2)/(-8)*3. Calculate the highest common divisor of 9 and t.
3
Let z = 107 + 37. What is the highest common divisor of 18 and z?
18
Let w be (-1 + 14)*(1 - -1). What is the greatest common factor of w and 104?
26
Let i be (89 - -8) + 1 + 1. Calculate the highest common factor of i and 11.
11
Suppose 0 = -2*z + 3*z - 9. Let w = -95 + 96. Calculate the greatest common divisor of w and z.
1
Let b = 136 - 76. Calculate the greatest common factor of 15 and b.
15
Suppose 3*d - 3*j - 69 = 2*j, 5*j - 71 = -2*d. Calculate the greatest common divisor of d and 7.
7
Let u be 157/4 + 1/(-4). Suppose -1 = 3*l + 4*w - 5, 0 = -3*l + 3*w + u. What is the highest common divisor of 12 and l?
4
Suppose -3*p + 2*u = -7, -4*p + u + 16 = -0*u. Let t(k) = -k**3 - 2*k**2 - 3*k + 2. Let q be t(-3). What is the highest common divisor of q and p?
5
Let f be (-123)/(-6) - (-1)/2. Let q = 61 - -86. What is the highest common factor of f and q?
21
Let w = 29 - 26. What is the greatest common factor of w and 6?
3
Let t be (-1)/2 + (-44)/8. Let p be t/(-10) + 397/5. Calculate the greatest common divisor of p and 10.
10
Let j be (-1 - -3)/((-22)/(-77)). Suppose -j*y + 6*y = -4. Let g be (0 - 1) + 10/2. Calculate the highest common divisor of y and g.
4
Let h = -23 + 41. What is the greatest common factor of h and 2?
2
Let r(j) = 12*j**3 + j**2 - 1. Let m be r(-1). Let p be -18*4*2/m. What is the greatest common divisor of p and 4?
4
Suppose 6*s - 55 = 5*s. Let r = s - 25. Calculate the greatest common factor of 20 and r.
10
Suppose -4*m - 2*b + 158 = 0, 3*m + 5*b = 6*m - 112. Calculate the greatest common factor of 13 and m.
13
Suppose -54 - 10 = -4*v. Calculate the greatest common divisor of v and 176.
16
Let o(s) = -s**3 - 6*s**2 - 4*s - 14. Let x be o(-6). Suppose -3*d + 4*g = -26, -3*d - d = 5*g + 17. Calculate the greatest common factor of d and x.
2
Let u(d) = d**2 + 3*d - 3. Let f be u(-5). Let m = 60 - 25. Calculate the highest common divisor of f and m.
7
Suppose -2*g = 3 - 1, 0 = 3*x - 4*g - 40. Let k be (4/5)/(x/30). What is the greatest common divisor of k and 18?
2
Suppose -5*p + p + 4*u + 188 = 0, -4*p + 5*u + 190 = 0. Calculate the highest common factor of 9 and p.
9
Suppose -3*b - 2*w = -11, 4*b + w + 3*w - 12 = 0. Calculate the highest common divisor of b and 1.
1
Let j be 6/(-18)*(-1 - -40). Let h = j + 25. Let x be -6 + 32 + (0 - 2). Calculate the greatest common divisor of h and x.
12
Suppose -2*m + 4 = -2*z, 2*m = -5*z + 9 + 16. Suppose -2*l + m*i + 280 = i, -2*i - 716 = -5*l. Calculate the highest common factor of l and 16.
16
Let h(k) = k**2 - 19*k + 3. Let s be h(21). Calculate the greatest common factor of s and 27.
9
Suppose -5*r - 19 + 4 = 0. Let h(v) = 4*v - 2. Let t be h(r). Let g be ((-4)/(-8))/((-1)/t). Calculate the greatest common divisor of 56 and g.
7
Let h be 2/(-5) + 137/5. Suppose -187 = -4*w - h. Suppose 57 = 5*u - 23. Calculate the greatest common factor of u and w.
8
Suppose 5*y - 36 = 2*c, 6*y = 3*y + 3*c + 27. Let o = -53 - -107. What is the greatest common divisor of y and o?
6
Suppose -3*j - 2 = t - 6, 3*j - t = -4. Suppose j*d = d - 40. Suppose -5*c - 10 = 0, 4*q + 3*c + c - 232 = 0. Calculate the highest common factor of d and q.
20
Suppose 0 = 6*i - 2*i + 5*t - 12, -t = 4. Calculate the greatest common divisor of 2 and i.
2
Let g be ((-16)/10)/(1/(-5)). Let j(p) = -2*p - 28. Let t be j(-20). What is the highest common factor of t and g?
4
Let n be (-5)/((-10)/8) - 0. Suppose 5*d = n + 51. Let x = 4 + d. What is the greatest common divisor of x and 60?
15
Let p(h) = -h**2 - 6*h - 5. Let o be 2/7 + 60/(-14). Let d be p(o). Suppose -4*w - 42 = -6*w. What is the highest common divisor of d and w?
3
Suppose -4*d + 123 = -5*g, 0*d - 5*d =